 1680 = 231*v - 229*v. Does 20 divide v?
True
Suppose -14 = -5*j + 1. Suppose 0*s + j*s + 474 = 3*c, -2*s = -6. Is c a multiple of 23?
True
Let c(z) = 5*z - 3. Let y(w) = -w**2 + 11*w - 13. Let k be y(10). Let q be c(k). Is 19 a factor of 1*((-3)/(-3) - q)?
True
Let m(v) be the third derivative of 5*v**4/12 + 5*v**3/3 + 2*v**2. Let p be m(-7). Is (-2 + 9)*p/(-35) a multiple of 11?
False
Let y = 5 - 5. Suppose i = -v + 21, y*i - i = -2*v + 42. Suppose r + 6*h = 4*h + v, -4*r - 2*h + 66 = 0. Is r a multiple of 4?
False
Let p = 307 - 277. Is p even?
True
Suppose -5*u + 4*f + 30 = 0, -u + 5*f - 5 = -11. Suppose u*k = 4*k + 92. Suppose 3*a - 2*w = 45 + k, 5*a - 3*w - 150 = 0. Is 9 a factor of a?
True
Suppose -3591 = -4*o + 3*a, 2*o + a - 522 - 1271 = 0. Is o a multiple of 69?
True
Let g(l) = -l**3 - 6*l**2 + 3*l - 5. Let m be g(-7). Suppose -5*k + m = -4*k. Suppose -73 + k = -5*i. Does 10 divide i?
True
Let v be (0 + 2 + -1)*7. Suppose v*k - 8 = 5*k. Suppose k*g - 104 = x - 0*x, -4*g = 5*x - 104. Is g a multiple of 16?
False
Suppose -6*v + 344 = -514. Does 11 divide v?
True
Suppose -a - c + 18 = 2*a, 5*a - 22 = c. Suppose 0*w - 31 = -t + 5*w, -a*w = 25. Let x(z) = z**3 - 5*z**2 + 5*z - 8. Is 29 a factor of x(t)?
True
Let x(u) = u**3 - 4*u**2 - 4*u - 7. Let n be x(5). Let b be (1 + n)*0/(-6). Suppose 2*k - 5*o - 40 = b, 3*k + 2*o - 42 = 5*o. Is k a multiple of 5?
True
Suppose 5*c - 12 + 34 = z, -5*z + 22 = -3*c. Suppose 0 = 7*n - z*n - 120. Does 5 divide n?
False
Does 27 divide 1/(1/115) - 7?
True
Let z(o) = -11*o + 12. Suppose 3*a - x - 16 = -0*a, -3*a + 28 = 5*x. Let l be 8*a/8*-1. Is z(l) a multiple of 26?
True
Does 6 divide 1*7*(11 + (-156)/(-84))?
True
Let u(r) = 7*r**2 + 12*r + 15. Let k(o) = -7*o**2 - 13*o - 16. Let l(s) = 4*k(s) + 5*u(s). Is 13 a factor of l(-4)?
True
Let b = -144 - -330. Is b even?
True
Let n(s) = -s**3 - 9*s**2 - 2*s - 9. Let t be n(-9). Let o = -4 + t. Suppose -o*j = -2*j - 144. Is j a multiple of 17?
False
Suppose 5*m = 186 - 51. Suppose f + 5*p - m = 0, -4*p = p. Is 3 a factor of f?
True
Let m(y) = -y**3 - 2*y**2 - 11*y + 23. Is m(-5) a multiple of 3?
True
Suppose -f - 4*c = 149, -322 = -2*f + 4*f + 2*c. Is 13 a factor of (-2)/4 - f/2?
False
Does 58 divide 14/28 + (-5090)/(-4)?
False
Let p = -773 - -957. Is p a multiple of 11?
False
Let j be 1/(-1)*(22 + -22). Does 22 divide 1 - (-4 + j - 105)?
True
Suppose 0*i = -2*i + 252. Suppose -46 = t - i. Is t a multiple of 24?
False
Is 3 a factor of 4 - (-8 - (-2 + 65))?
True
Suppose -9*k + 42*k = 4422. Does 30 divide k?
False
Suppose -30*v + 7980 = -0*v. Is 38 a factor of v?
True
Suppose 2*o = 0, 4*o = -l + 8*o + 29. Suppose l = -3*w + 197. Is 14 a factor of w?
True
Is 408/(-9)*897/(-52) a multiple of 34?
True
Let r(x) = 2*x**2 + 27. Let m be r(0). Suppose 0 = i + 14 + 20. Does 18 divide m*(i/(-6) + -3)?
True
Let r be (7 + -7)/((-1)/(-1)). Suppose b - 48 - 183 = r. Does 33 divide b?
True
Let q be -2 - -192*(-2)/(-2). Suppose -4*d + q = -5*c, 4*d + 7*c - 2*c - 170 = 0. Is 15 a factor of d?
True
Suppose -30*h + 63451 = -1199. Is 13 a factor of h?
False
Let a(y) = -53 - y**3 + 56 - 6*y + 13*y**2 - 5*y. Is a(12) a multiple of 15?
True
Let h(k) = -k**2 - 11*k + 7. Let t be (-5)/1 + -2 + 1*-3. Is 3 a factor of h(t)?
False
Let z(y) = -y**3 - 6*y**2 + 2*y. Let a be z(-6). Let i be 18/(-3) + 90/(-12)*4. Does 40 divide (i/10)/(a/400)?
True
Let u = 788 + -706. Is 25 a factor of u?
False
Let u = -10 - -14. Suppose l = -u*l + 285. Is l a multiple of 22?
False
Let p(g) = -76*g - 46. Let k(m) = -15*m - 9. Let f(y) = 11*k(y) - 2*p(y). Is f(-3) a multiple of 29?
False
Suppose 4*f = -5*a - 21, 2*f - 2*a + 11 = -5*a. Let n = 1 - f. Suppose -3*z + 4*w = -37, 0 = n*z - 0*z + 4*w - 51. Does 4 divide z?
False
Suppose -3*m + 6*m = 0. Let d = 4 - m. Suppose -d*r - 19 = -5*r - k, -5*r = -5*k - 45. Is 14 a factor of r?
True
Suppose 4*o + 28 = -4*w, o + 3*o + w = -25. Let p be 2/(-3)*(-9)/o. Is 7 a factor of -17 - -20 - (-11 + p)?
False
Suppose 24*f - 1610 = 10*f. Is 3 a factor of f?
False
Suppose -12*f + 398 = -6466. Is 22 a factor of f?
True
Let l(z) = z**3 - 22*z**2 + 57*z - 9. Does 16 divide l(20)?
False
Let m(u) = 2*u**2 - 10*u + 25. Is m(-11) a multiple of 9?
False
Let j = -146 + 821. Is j a multiple of 14?
False
Suppose -2*p + 8 = -2*z + 2, z + 3*p - 17 = 0. Suppose -21 = -5*c + z*j, 2*j + 6 = -2*c - 2*j. Suppose 3*q + 60 = c*l, 4*l - 2*q - 78 = -0*l. Does 7 divide l?
False
Suppose -2*z - n = -120, -4*z + 2*n + 55 = -3*z. Let f = -44 + z. Does 15 divide f?
True
Suppose z + 0*z = 298. Suppose 6*l - z = 122. Is 14 a factor of l?
True
Let p(r) = 119*r**3 + 2*r - 1. Let n be p(1). Let i = n + -92. Is i a multiple of 6?
False
Suppose -4*w - 4 + 0 = 0. Let i be (w*1)/((-14)/(-84)). Does 16 divide (-2)/(-3) - 344/i?
False
Let x(a) = a**3 - 3*a**2 + a - 12. Let d be x(6). Let j(r) = 2*r. Let q be j(1). Suppose -q*y - y = -d. Is y a multiple of 11?
False
Let k(h) = 4*h - 13. Let v(u) = -4*u + 12. Let i(z) = 4*k(z) + 5*v(z). Let x be (-1 - -1) + -7 + -1. Does 11 divide i(x)?
False
Let c(n) be the first derivative of 8*n**3/3 - 2*n**2 - 6*n - 5. Does 7 divide c(-3)?
False
Suppose 0*f - 128 = 4*f. Let n = -122 - f. Is 15 a factor of (14/21)/((-2)/n)?
True
Let i(j) = 2*j**3 - j**3 + 5*j - 9*j**2 - 5 + 5*j. Does 4 divide i(8)?
False
Suppose 0*k = 2*k + 4*d + 364, k + 198 = 2*d. Let y = k + 58. Is (4/3)/((-8)/y) a multiple of 8?
False
Suppose 0 = -2*u - 4, -101 - 143 = -4*v + 2*u. Is v a multiple of 3?
True
Suppose 12*c - 11*c - o = 265, 2*c - 3*o - 531 = 0. Is c a multiple of 22?
True
Let w(c) = -43*c - 6. Does 39 divide w(-2)?
False
Let c(x) = 8*x**2 - 4*x + 1. Is 25 a factor of c(2)?
True
Suppose 0 = 2*u + 4*i - 84, 2*u - 84 = -0*i + i. Let s = u - -12. Does 18 divide s?
True
Let x(b) = 2*b - 6. Let w be x(5). Suppose 225 = w*s - 3*s. Suppose 3*q - j = 2*j + s, -5*q + 367 = 3*j. Is 33 a factor of q?
False
Is 4 a factor of -3*(-2 + -25) - 1?
True
Let f(w) = w**2 - 9*w + 2. Suppose 2*s + a - 8 - 9 = 0, 1 = s + 3*a. Is 5 a factor of f(s)?
False
Suppose -4*i + 6 = 2. Let t(w) = 5*w**2 - 2*w + 4. Let y(b) = b**2 + 1. Let l(g) = i*t(g) - 4*y(g). Does 4 divide l(5)?
False
Let h = -137 + 82. Suppose 4*t - 5*z - 511 = 0, 8*z - 3*z = 3*t - 377. Let u = t + h. Is u a multiple of 25?
False
Suppose -5*k - 3*s = 66, -4*k - 5*s = -10*s + 38. Is 576/k*(-10)/4 a multiple of 5?
True
Let b(a) = -a**2 - 1 + 5 + a**2 + a**3. Let v be b(0). Suppose v*y = -m + 31, 2*y + 4 = m - 3*y. Is 19 a factor of m?
True
Let y = 2 + 0. Suppose y*n + 183 = 5*n. Is 10 a factor of n?
False
Let g(s) = -s**3 + s**2 - s. Let z(y) = -6*y**3 + 13*y**2 + 17*y + 8. Let q(i) = -5*g(i) + z(i). Is q(10) a multiple of 7?
True
Let h be 494/8 - 2/(-8). Suppose 2*x = 2*a + 24, -5*a + 4*x = 2*x + 57. Let d = h + a. Is d a multiple of 17?
True
Let w(x) = 7*x**2 - 6*x + 3. Let i(m) = 7*m**2 - 8*m + 3. Let u(y) = -2*i(y) + 3*w(y). Let p be 4/(-10) - 34/(-10). Does 12 divide u(p)?
True
Let d(j) = 4*j + 10. Let p(o) = o**3 + 6*o**2 + 4*o + 1. Let u be p(-5). Is d(u) a multiple of 25?
False
Let k(w) = w**3 - 7*w**2 + 5. Let n(i) = 5*i - 1. Let l be n(1). Let d be k(l). Is (-4)/3 + d/(-3) a multiple of 8?
False
Let n = -3 + 18. Let r be (-866)/(-3) - 10/n. Suppose 6*f = -0*f + r. Is 12 a factor of f?
True
Suppose 8 = -4*g, -146 = -j - 10*g + 12*g. Does 23 divide j?
False
Let o be (0 - -2)*(-3)/2 + 5. Suppose -o*x = x - 9, -2*d + 159 = -3*x. Does 14 divide d?
True
Let q = 9 + -12. Let y be q + 0 + 2 + -1. Is 29 a factor of y + 86 + -3 + 3?
False
Is (-1)/9 - (-67286)/36*2 a multiple of 42?
True
Suppose -11*k = -6*k - 15. Suppose -k*b - 4*f - 201 + 693 = 0, -5*b - 2*f = -834. Is b a multiple of 28?
True
Let a = -391 + 453. Is a a multiple of 12?
False
Let i(o) be the second derivative of -o**6/360 - 11*o**5/120 + 5*o**4/12 + 7*o**3/6 - 12*o. Let k(y) be the second derivative of i(y). Is k(-11) even?
True
Let p(o) = o**2 + 11*o + 3. Let k be p(-13). Let y(i) = 4*i**2. Let j be y(1). Suppose -s = -4*w + 11 + 71, j*s - k = -w. Does 17 divide w?
False
Let g(y) = y**2 + 3*y - 40. Let z be g(-9). Let v(b) = 4*b - 1. Let x be v(-1). Let i = z + x. Does 9 divide i?
True
Let h be 74/14 + 16/(-56). Suppose -r + 516 = h*r. Is r a multiple of 16?
False
Suppose 4*f + 305 = 3*s, -f